i) = -i - 9. Let v be u(-8). Let w(l) = 1. Let y(c) = v*h(c) - 5*w(c). What is y(-5)?
-12
Suppose 0 = -3*n - n - 20. Let v(a) be the second derivative of a**3/3 + 2*a**2 - 3*a - 11. What is v(n)?
-6
Let a(z) = -2*z**3 - 10*z**2 - 9*z - 5. Let y(f) = 3*f**3 + 11*f**2 + 9*f + 4. Let r(l) = 4*a(l) + 3*y(l). Determine r(8).
-16
Let l = -14 + 16. Let i(x) = 3*x**2. Give i(l).
12
Suppose 0 = -9*z + 47*z. Let p(u) be the second derivative of 0 - 1/12*u**4 + z*u**3 + 3*u**2 + u. Give p(0).
6
Let q(h) = h**2 - 5*h + 5. Suppose -3*j = 3*g, -3*j - 5*g - 3 = -9. Let a be -11 - (2 + -4 - j). Let m = 17 + a. Determine q(m).
5
Let i(g) = -153*g + 304. Let n be i(2). Let r(c) = c - 1. Let u be r(4). Let m(z) = -3 + z**3 + 3*z**3 - 2*z**2 - u*z - 5*z**3. Give m(n).
3
Let a(n) be the second derivative of 69*n**5/20 + n**4/6 + n**3/6 + 3*n + 53. Calculate a(-1).
-68
Suppose 6*y - 2*x = 2*y + 22, -4*y - 3*x + 7 = 0. Let d(k) = k**3 + 0 + 4*k - 3*k**2 - y*k**2 + 6 + 0*k**2. What is d(6)?
-6
Let j(t) = 7*t**3 + 35*t**2 + 45*t - 36. Let p(i) = -4*i**3 - 18*i**2 - 22*i + 18. Let v(o) = 3*j(o) + 5*p(o). Give v(-13).
-5
Let h(q) be the second derivative of -7*q**4/24 + q**3/2 + q**2 + q. Let f(l) be the first derivative of h(l). Suppose 38*i - 28 = 48. What is f(i)?
-11
Let z(n) = -2*n - 16. Let k be z(-8). Let u(h) = -7*h. Let i(g) = 20*g. Let m(l) = 6*i(l) + 17*u(l). What is m(k)?
0
Let j = 6 + -3. Let u(x) be the first derivative of x**5/60 + x**4/24 + 7*x**3/3 - 5*x**2/2 - 20. Let d(r) be the third derivative of u(r). What is d(j)?
7
Let x(v) = -v**2 + 4*v + 6. Suppose 21 = -103*k + 104*k + 5*c, -c = -2*k + 9. Determine x(k).
-6
Suppose 0 = 4*p + 16, 0 = -k - k - 3*p - 4. Let b(o) = 2*o**2 + o**2 - 16*o**3 + 15*o**3 - k*o - 3 + 3*o**2. What is b(4)?
13
Let c(q) = 2*q**3 - 18*q**2 - 13. Let h be c(9). Let j(i) = -7*i**2 + 2*i - 15. Let m(w) = -15*w**2 + 3*w - 31. Let f(k) = h*j(k) + 6*m(k). Calculate f(7).
2
Let f(k) = -4*k + 27. Let t = -1088 - -1096. Calculate f(t).
-5
Suppose 2*w = s - 28, -w = 2*w. Let c = -25 + s. Let j(q) = 4 - q + 3*q - q. Calculate j(c).
7
Suppose -2*g - 500 = 2*g. Let i = 130 + g. Let l(y) = 4*y - 2. Let s(a) = 3*a - 1. Let k(p) = -5*l(p) + 6*s(p). Calculate k(i).
-6
Suppose b = 3*b + 144. Let s be (b/54)/(8/(-6)). Let q(m) = 5*m - 2*m + 0*m - 2*m - s. Determine q(0).
-1
Let t(o) = -o**2 + 4*o + 1. Let r = 2 + 0. Let g(v) = -1 + 18 - v + r*v - 2*v. Let f be g(12). What is t(f)?
-4
Let c(k) = -8*k + 5*k - 3*k**2 + 14*k**2 + 8 + 5*k - 10*k**2. Give c(0).
8
Let j(u) be the first derivative of u**3/3 - 5*u**2/2 - 24*u - 21. Let y be j(8). Let a(n) = n**2 + 6. Determine a(y).
6
Let l = 665 - 665. Let m(w) = w**3 - w**2 + 24. What is m(l)?
24
Let q(h) = 6*h**3 + h**2 - h - 1. Let i(u) = -13*u - 14. Let v be i(-1). Determine q(v).
-5
Let s = -361 - -355. Let j(a) = a - 1. Give j(s).
-7
Let t(d) = -d**2 - 12*d + 3. Let x(i) = 0*i**2 + 11*i - 5*i**2 + 3*i**2 - 3 + 3*i**2. Let s(n) = 4*t(n) + 5*x(n). What is s(-7)?
-3
Let v be 3*6/9*(-56)/(-16). Let h(n) = -4*n + 14. What is h(v)?
-14
Let c(v) = v**3 + v**2 - 2*v. Let g(x) = -2*x**3 + 9*x**2 - 7*x + 8. Let p(y) = -3*c(y) - g(y). Calculate p(-13).
-8
Let d(w) = -9*w**2 + w. Let f(r) = 20*r**2 - 2*r + 1. Let a be f(1). Let c = 11 - a. Let v(s) = -s**3 - 9*s**2 - 8*s + 1. Let m be v(c). What is d(m)?
-8
Let r(k) = k**3 - 5*k**2 - 7*k + 3. Suppose -33*w - 42 = -40*w. Give r(w).
-3
Let q(d) = d**3 - d**2 - 8*d + 4. Let a be q(5). Suppose 2*w - a = -52. Let u(t) = t - 5. Calculate u(w).
1
Suppose -6*m + 8*m = -62. Let k = 25 + m. Let g(p) = -3*p - 9. Determine g(k).
9
Let r(t) = 23*t. Let y be r(-3). Let l be y/18 + 3/(-18). Let i(h) = 2*h + 1. Give i(l).
-7
Suppose 96 = -5*y + 11*y. Let v(u) = -u + 15. Determine v(y).
-1
Let h(x) be the second derivative of -x**5/120 - 2*x**3/3 - 27*x. Let z(b) be the second derivative of h(b). Give z(5).
-5
Let n(d) be the third derivative of 1/12*d**5 + 0 + 1/120*d**6 - d**2 + 0*d - 1/3*d**3 + 1/24*d**4. Calculate n(-3).
13
Let a be 8/2 - (-10)/(-5). Suppose 0*c = -a*c + 28. Let l be ((-8)/10)/(c/(-35)). Let r(g) = g**2 - g. Calculate r(l).
2
Let p(n) = n**3 - n**2 + 7. Let u(h) = -h + 3. Let z be u(15). Let q be (3/6)/((-3)/z). Suppose -o - q*o = 0. Calculate p(o).
7
Let z(r) be the first derivative of 5*r**4/24 - r**3/6 - 13*r**2/2 - 20. Let g(l) be the second derivative of z(l). Give g(-2).
-11
Suppose 0 = 2*k - 4, 22 = -5*n - 4*k + 5. Suppose 4 = d - y - 3, 0 = d + 5*y + 23. Let u(v) = -v**3 + 6*v + 0 - 7*v - 6*v**d + 2 - 4*v. Determine u(n).
2
Suppose -4 = -x - 4*v, -3*x - 10 + 13 = 3*v. Let b(l) be the third derivative of 0*l + x*l**3 - 1/60*l**5 + 0 + 1/24*l**4 + 2*l**2. What is b(0)?
0
Suppose 2*d - 4*d = 22. Let n(a) = 6 + 25 + 18 - a - 69. What is n(d)?
-9
Let x = -327 + 325. Let f(s) = -s**2 - 4*s - 20 + 0*s**2 + 17. Calculate f(x).
1
Let w(k) be the third derivative of -k**5/120 - 5*k**4/24 + 5*k**3/3 + 44*k**2. Let m(q) be the first derivative of w(q). What is m(-4)?
-1
Let k(f) be the second derivative of f**5/20 - f**4/4 - f**3/3 + f**2/2 + 427*f. What is k(4)?
9
Suppose 4*d + 8 = -3*y, 248*d + 5*y = 251*d - 23. Let b(q) = -3*q**2 - 2*q - 2. Give b(d).
-7
Let l(s) be the third derivative of -s**4/24 - 4*s**3/3 - 6*s**2. Let q(z) = -z**2 + 8*z. Let m be q(8). Calculate l(m).
-8
Let l(j) = 2*j + 7. Suppose -4*c + r + 4*r = -37, r - 15 = -2*c. Suppose -c = -7*k + 3*k. Let a(o) = -4*o - 14. Let f(h) = k*a(h) + 5*l(h). What is f(-6)?
-5
Let w(l) = l**2 + 7*l + 3. Suppose -6*z = 51 - 141. Suppose 6*t + z = 3*t. Give w(t).
-7
Let s(x) = -54 - 9*x + 30 + 27. Determine s(4).
-33
Let i = -53 + 56. Let c(t) = -t + i - 5 + 6. Let g be (2 + -1)/((-2)/(-6)). Give c(g).
1
Let t(n) be the first derivative of -n**3/3 - 2*n**2 + 5*n + 1. Let r be -2*(-6 - (9 + -18)). What is t(r)?
-7
Let n(r) = r**2 - 10*r + 15. Let d be n(6). Let j(c) = c**3 + 8*c**2 - 10*c - 8. Calculate j(d).
1
Let y(v) be the first derivative of v**2/2 + 7*v - 1. Let d be y(0). Let h(o) = -d - o**3 - 3 + 8 - 2*o - 2*o**2. Determine h(-2).
2
Let s(p) = -p - 4. Let o(m) = -m - 3. Let l(w) = -4*o(w) + 5*s(w). Let t(g) = g + 5. Let q = -70 + 58. Let u be t(q). Give l(u).
-1
Let c(d) = d**2 - 9*d + 13. Let b be c(7). Let z be (b - (-4 - -2))*3. Let h(l) = 2*l**2 - 4*l - 1. Determine h(z).
5
Let o(d) = 2*d. Let h = 38 - 36. Let n be -3*(-2)/(-4)*h. Give o(n).
-6
Let d(v) = 2*v**2 + 8*v - 2. Let w(z) = -3*z**2 - 16*z + 4. Suppose 3*g - g - n = -8, 0 = -n + 2. Let p(o) = g*w(o) - 5*d(o). Calculate p(8).
-2
Let a = -36 - -32. Let z = 1 - -3. Let j(i) = -2*i + i**2 + 7*i + 1 + 5*i - z*i. Give j(a).
-7
Let h = 4 - 9. Let i(v) = -1383*v - 1382*v + 2768*v - 2 - 8*v**2 - 12*v**2 + 21*v**2. Determine i(h).
8
Let j(p) = p + 1. Let k be j(-1). Let x(r) = 1 + k*r**2 - 3*r**2 + 2*r**2 - r**3. Let v = -50 - -50. Calculate x(v).
1
Let r = -316 - -311. Let g(q) = q**2 + 3*q + 5. Give g(r).
15
Let b(r) = -7*r - 147. Let y(n) = n + 18. Let t(f) = 6*b(f) + 49*y(f). Determine t(-1).
-7
Let q(s) be the second derivative of -s**6/360 + s**5/15 + 7*s**4/12 + 2*s. Let d(b) be the third derivative of q(b). What is d(-6)?
20
Let c(x) be the third derivative of x**5/60 - 17*x**4/24 + 49*x**3/6 - 11*x**2. Calculate c(14).
7
Let i(n) = -4*n**3 - 4*n**2 - 8*n + 7. Let p(m) = -3*m**3 - 5*m**2 - 7*m + 6. Let l(z) = 2*i(z) - 3*p(z). What is l(-4)?
24
Let p(v) be the first derivative of v**4/4 + v**3 - 3*v**2/2 - 2*v + 3. Let l(s) be the first derivative of -s**2 + 14*s + 5. Let n be l(9). Give p(n).
-6
Let o(h) = -h**3 + 13*h + 5 + 4*h**2 + 0*h - 14*h. Give o(4).
1
Let j be -3 - -2*(-10)/(-4). Let f(y) = -174 + 174 - j*y**2 + 3*y. Let g be ((-4)/1)/(1*-2). What is f(g)?
-2
Let f(m) = -m**2 + 16*m + 2. Let g be f(0). Let z(b) = -b + 5*b + 1 - b**2 - 2*b. Determine z(g).
1
Let f be ((-1)/(2/4))/(48/72). Let p(b) = -b**3 - 5*b**2 - 4*b - 3. What is p(f)?
-9
Let t(z) = -z**2 - 5*z + 5. Let a(s) = s + 15. Let h be a(-15). Suppose 3 = l - 2, h = 3*n - 3*l + 6. Suppose -n*q - 22 = -7. Give t(q).
5
Let y(j) be the third derivative of -j**3 + 0*j + 5/24*j**4 + 0 + 1/120*j**5 + 4*j**2. Let h(z) be the first derivative of y(z). What is h(-5)?
0
Let p(b) = b - 4. Let t be -1 + 3 - (-2 + 1). Let u(i) = 2*i**3 + i**2 - 5. Let g be u(2). Suppose n + 